t the prime factors of g.
3, 11, 19
Let r = -2020 + 7613. List the prime factors of r.
7, 17, 47
Suppose -88*l + 102940 = -15*l - 202565. What are the prime factors of l?
3, 5, 31
List the prime factors of 283 + -269 - 154*-33.
2, 7, 13
What are the prime factors of (-921)/((-249)/(-14) + -18)?
2, 7, 307
Suppose -6*s = -3*s + 4*d - 42, -s + 5*d = -33. Let b be (-6)/s + (-2)/3. List the prime factors of b*(0 - 82)*1.
2, 41
Suppose 10*l - 19*l = -194525 + 1754. List the prime factors of l.
21419
Let i be 76/1 + (-6 - -4 - 4). Suppose h - 6*p + 4*p = i, h + 4*p = 88. List the prime factors of h.
2, 19
Let i(b) = -2*b**3 - 2*b**2 - 4*b - 2. Let u be i(-2). Let y be (9 - u) + (-2)/(1*-2). List the prime factors of (-12 + y - 4)*(-5)/2.
2, 5
Let n(g) = g**3 + 40*g**2 + 94*g - 117. What are the prime factors of n(-29)?
2, 3, 89
Let s = 1292 + -590. Let m = -361 + s. List the prime factors of m.
11, 31
Suppose -3*j = 3*q - 3508 - 32615, -5*q = -2*j + 24082. List the prime factors of j.
12041
Let p = 394 - -5421. What are the prime factors of p?
5, 1163
Suppose 4*r + q - 101072 = 0, 3*r + 4*q + 21598 - 97415 = 0. What are the prime factors of r?
11, 2297
Suppose 6*o - 4*t - 20514 = 4*o, -3*o + 30716 = 5*t. List the prime factors of o.
10247
Let w = 60 - 41. Suppose -w + 311 = 2*v. Suppose -5*a - 2*b + 670 = 0, -a - 2*b = -2*a + v. What are the prime factors of a?
2, 17
Let d(t) = 7*t**2 + 53*t + 1. Let j be d(-6). What are the prime factors of (-97250)/j + (-8)/52?
2, 11, 17
Suppose 5*a = -4*n + 252091, -6*a + 100840 = -4*a - 2*n. What are the prime factors of a?
127, 397
Suppose 51*k - 159000 = -25*k + 51*k. List the prime factors of k.
2, 3, 5, 53
Let f be ((-2)/6)/((-3)/(-9)) + -612. Let x = f - -1311. List the prime factors of x.
2, 349
Let i(x) = 2*x**2 - 4*x + 3. Let b(w) = w**2 - w + 2. Let t(p) = -5*b(p) + 3*i(p). What are the prime factors of t(19)?
227
Let p be (-5)/(-15) + (-3)/(9/(-251)). Let l = 91 - p. Suppose -262 - 354 = -l*k. What are the prime factors of k?
2, 11
Let d(l) = 6*l - 2 + 0 - l. Let r be 150/250*(9 - -1). List the prime factors of d(r).
2, 7
Suppose -2 = -2*d - 22. Let h(p) = p**3 + 8*p**2 - 14*p - 13. Let f be h(d). Let u = -11 - f. What are the prime factors of u?
2, 31
Suppose 2*w + 4*m = 20, -5*w + 4*m + 8 = -0*w. Suppose 2*s + 2522 = w*k, -s + 2518 = 4*k + s. Suppose 15*h - 21*h + k = 0. List the prime factors of h.
3, 5, 7
Let w = 10544 - 4475. List the prime factors of w.
3, 7, 17
Let r = 17219 - -5946. List the prime factors of r.
5, 41, 113
Let m(h) = -5*h**3 + 10*h**2 - 23*h - 16. Let d be m(6). Let t = 1688 + d. List the prime factors of t.
2, 11, 37
Let n = 188 - 186. Suppose 5*r = 2*i - 0*r - 393, n*r - 174 = -i. List the prime factors of i.
2, 23
Suppose 54 = -2*j + 8*j. Suppose 3*g - j = 6. Let s = 81 - g. What are the prime factors of s?
2, 19
Let u(t) = -1348*t - 6431. What are the prime factors of u(-9)?
5701
Suppose p = -275*u + 277*u + 80324, -u = p - 80333. What are the prime factors of p?
2, 5, 29, 277
Suppose 0*c - 3*c + 75 = 0. Suppose -d - 22 + c = 0. Suppose 2*q + d*r + 161 = 7*q, -5*q - 2*r + 176 = 0. What are the prime factors of q?
2, 17
Suppose 0 = -f - 2*f + 6. Let s be 2 + ((-32)/8)/(5 - 8 - -5). Suppose f*n = -3*d + 266, s*d - 4*d + 340 = -n. List the prime factors of d.
2, 43
Let c(f) = -f**3 - 27*f**2 + 26*f - 56. Let l be c(-28). Suppose k - 2*x - 392 = 2*x, 4*k + x - 1602 = l. List the prime factors of k.
2, 5
Let w(d) = -14*d**2 + 4*d - 17. Let q be w(3). Let n = q - -45. Let s = -79 - n. What are the prime factors of s?
7
Let s = -29 - 5. Suppose 93*j = 99*j - 522. Let q = j + s. What are the prime factors of q?
53
Let g be 28/3 + ((-12)/(-3))/(-12). Suppose 11*b - g*b = 200. Suppose 19*n = 14*n + b. What are the prime factors of n?
2, 5
Suppose j + 197 - 531 = -2*i, 2*j - 499 = -3*i. What are the prime factors of i?
13
Suppose 0 = 21*k - 16*k - o - 4322, -4*o = -5*k + 4328. What are the prime factors of k?
2, 3
Let i(f) = -2*f + 32. Let s = 27 - 25. Suppose -4*v - 2*l = 94 - 26, 42 = -s*v + 3*l. What are the prime factors of i(v)?
2, 17
Suppose -9*w + 81 = -0. Let p(o) = o + 1. Let d(t) = 2*t**2 - 15*t - 10. Let k(h) = d(h) + 5*p(h). List the prime factors of k(w).
67
Let u(t) = -5*t**3 + 2*t**2 + 5*t + 4. Suppose -100 = -4*w + 2*w. Let m = w - 52. What are the prime factors of u(m)?
2, 3, 7
Let n(b) = 9*b**2 - 8*b + 3. Let v be (-3 - 0)*(4/(-1) - -9). Let g be 2/(-7)*210/v. What are the prime factors of n(g)?
5, 23
Let a = 28151 - -21982. List the prime factors of a.
3, 17, 983
Suppose -22*i + 195011 + 177537 = 0. What are the prime factors of i?
2, 8467
Suppose 88*z = -117*z + 6445610. What are the prime factors of z?
2, 79, 199
Let k(r) = r**3 - 13*r**2 + 6*r - 2. Let o be k(11). Let a = o + 244. List the prime factors of a.
2, 3, 11
Let w = 1740 + -3217. Let s = 2474 + w. What are the prime factors of s?
997
Let d(y) = 11 - 96*y + 99*y - 44. Let w be d(13). What are the prime factors of (w/4 - 2) + 114/4?
2, 7
List the prime factors of (-85)/(-3) - (-3)/((-117)/(-26)).
29
Let n(k) = k**2 + 2. Let u be n(3). Suppose -u = -a + 2*t, t = 3*a - 2*t - 21. Suppose 0*s - p + 331 = 5*s, -a*s + 4*p = -194. List the prime factors of s.
2, 3, 11
Let s be (27 - 545)/(2/(-2)). List the prime factors of s/21*102/4.
17, 37
Suppose -66*p + 26*p = -498200. List the prime factors of p.
5, 47, 53
Let z = 158 + -158. Suppose 2*x + 2 = 0, 5*w - 323 = -z*x + 3*x. List the prime factors of w.
2
Let v = 228 + 2214. What are the prime factors of v?
2, 3, 11, 37
Let j = 12988 - -2504. What are the prime factors of j?
2, 3, 1291
Let u(z) = 36*z - 186 + 2*z + 11*z. List the prime factors of u(15).
3, 61
Let r(c) = 38*c**3 - 11*c**2 + 23*c + 4. Let l be r(4). Suppose 0 = -9*i + l - 498. List the prime factors of i.
2, 103
Let n(i) = -1388*i + 4715. What are the prime factors of n(-9)?
17207
Let h be 8/3*21/28. Suppose -h*r = 4*r - 72. Suppose -r*b = -3*b - 297. List the prime factors of b.
3, 11
Let i = 3 + 0. Let h(j) = -j**2 - 35*j - 118. Let a be h(-31). Suppose -4*t + a + 2 = r, -r + i*t + 43 = 0. List the prime factors of r.
2, 7
Let c(r) = 7*r + 23. Let k be (-1)/(-7)*2 + (-120)/(-21). Suppose 0*v = -k*v + 42. List the prime factors of c(v).
2, 3
What are the prime factors of (182 + 14)*(-11882)/(-91)?
2, 7, 457
Suppose -25077 = -22*y - 17*y. List the prime factors of y.
643
Suppose 3 = -q, 0 = -2*z + 5*q + 2005 + 1728. List the prime factors of z.
11, 13
Let n be (-2 + 6)*(-4 - -34). Suppose 0*g + 3*r - 324 = -3*g, g + 5*r - n = 0. List the prime factors of g.
3, 5, 7
Let v(r) = 150*r**2 + 9*r + 41. What are the prime factors of v(7)?
2, 3727
Suppose -5*n = 11 - 31. Suppose -14 + n = 2*b, -2*b - 105 = -5*w. List the prime factors of w.
19
Suppose -4*l + 30 = a, 3*a - 42 = -l + 5*l. List the prime factors of ((-2780)/(-25))/(a/45).
2, 139
Suppose -8*h = -4*h - 36. What are the prime factors of 87/((h/(-12) + 0)/(-3))?
2, 3, 29
Let w(f) = 4*f**3 - f**2 - 8*f - 7. Let s be w(-3). What are the prime factors of (s/8)/(-5) + 23925/22?
2, 5, 109
Let q = 545 - 1183. Let u = q + 1268. What are the prime factors of u?
2, 3, 5, 7
Let g be (-5)/(-2) - 2 - (-2092)/(-8). Let r = g - -374. Let p = -111 + r. List the prime factors of p.
2
Let i(v) = -3*v - 14. Let j be i(-6). Suppose 0 = -4*x - 3*u + 154, -j*x + 74 = 5*u - 84. List the prime factors of x.
37
Let o(g) = -6*g + 256. Let i be o(42). Suppose -i*b + w + 1901 = 0, -4*b + 5*w + 1046 = -843. List the prime factors of b.
2, 7, 17
Let h(a) = a**3 + 47*a**2 + 37*a - 179. List the prime factors of h(-41).
2, 5, 839
List the prime factors of (-1)/7 + -111906*25/(-210).
2, 6661
Suppose -4*o + s + 55274 = 0, 0*o + 5*s - 69105 = -5*o. What are the prime factors of o?
13, 1063
Let w = 392 - 122. List the prime factors of 223080/w + (-2 - 32/(-18)).
2, 7, 59
Let v(b) = 3*b**3 + 6*b**2 - 8*b - 3. Let i be v(3). List the prime factors of (-27)/i + (-1906)/(-8).
2, 7, 17
Let d(n) = n + 7. Let f be d(-7). Suppose f = 3*c + 6 + 12. Let u(q) = 2*q**2 - 6*q + 17. What are the prime factors of u(c)?
5
Let w = -9322 + 34270. What are the prime factors of w?
2, 3, 7, 11
Let l = 53756 + 10103. List the prime factors of l.
19, 3361
Suppose 12846 + 64200 = 27*v + 20103. What a